{"id":2061,"date":"2023-10-10T10:03:34","date_gmt":"2023-10-10T10:03:34","guid":{"rendered":"http:\/\/twoja-pralnia.pl\/?page_id=2061"},"modified":"2023-10-12T22:00:06","modified_gmt":"2023-10-12T22:00:06","slug":"regulamin","status":"publish","type":"page","link":"https:\/\/twoja-pralnia.pl\/index.php\/regulamin\/","title":{"rendered":"Regulamin"},"content":{"rendered":"\n<p><\/p>\n\n\n\n<p style=\"font-size:20px\"><strong>Zanim zdecydujesz si\u0119 na skorzystanie z naszych us\u0142ug, zapraszamy do zapoznania si\u0119 z obowi\u0105zuj\u0105cym u nas Regulaminem \u015awiadczenia Us\u0142ug Pralniczych.<\/strong><\/p>\n\n\n\n<p><\/p>\n\n\n\n<ol>\n<li>Przekazuj\u0105c odzie\u017c do pralni, Klient wyra\u017ca zgod\u0119 na postanowienia niniejszego Regulaminu.<\/li>\n\n\n\n<li>Metoda prania chemicznego jest stosowana jedynie dla odzie\u017cy z oznakowaniem fabrycznym PA. Je\u015bli brakuje takiego oznaczenia, metoda ta stosowana jest na ryzyko Klienta. Pralnia nie ponosi odpowiedzialno\u015bci za ewentualne uszkodzenia.<\/li>\n\n\n\n<li>Standardowy czas realizacji us\u0142ugi wynosi do 48 godzin od chwili przekazania odzie\u017cy, chyba \u017ce ustalono inny termin.<\/li>\n\n\n\n<li>Wysoko\u015b\u0107 op\u0142at za us\u0142ugi okre\u015bla cennik pralni.<\/li>\n\n\n\n<li>Op\u0142ata za us\u0142ug\u0119 jest pobierana z g\u00f3ry przy przekazywaniu odzie\u017cy.<\/li>\n\n\n\n<li>Informujemy, \u017ce nie zawsze jest mo\u017cliwe ca\u0142kowite usuni\u0119cie plam, zw\u0142aszcza starych lub wcze\u015bniej zapieranych.<\/li>\n\n\n\n<li>Po wst\u0119pnej ocenie stanu odzie\u017cy informujemy Klienta o potencjalnym ryzyku uszkodze\u0144 (np. guzik\u00f3w, klamer). Akceptuj\u0105c warunki, Klient zdaje sobie spraw\u0119 z tego ryzyka. Pralnia nie odpowiada za takie uszkodzenia.<\/li>\n\n\n\n<li>Pralnia nie ponosi odpowiedzialno\u015bci za szkody w odzie\u017cy wynikaj\u0105ce z wadliwego farbowania, nanoszenia napis\u00f3w, czy innych ukrytych wad.<\/li>\n\n\n\n<li>Klient zobowi\u0105zany jest odebra\u0107 odzie\u017c w um\u00f3wionym terminie. Nieodebrana w ci\u0105gu 60 dni odzie\u017c przekazywana jest na cele charytatywne.<\/li>\n\n\n\n<li>Wydawanie odzie\u017cy odbywa si\u0119 tylko i wy\u0142\u0105cznie po okazaniu zlecenia.<\/li>\n\n\n\n<li>Pralnia ma prawo odm\u00f3wi\u0107 przyj\u0119cia odzie\u017cy lub nie realizowa\u0107 zlecenia, je\u015bli jego wykonanie jest niemo\u017cliwe.<\/li>\n\n\n\n<li>Reklamacje przyjmowane s\u0105 w dniu odbioru odzie\u017cy i musz\u0105 by\u0107 zg\u0142oszone na pi\u015bmie. Brak pisemnej reklamacji traktowany jest jako pe\u0142ne zadowolenie z us\u0142ugi.<\/li>\n<\/ol>\n","protected":false},"excerpt":{"rendered":"<p>Zanim zdecydujesz si\u0119 na skorzystanie z naszych us\u0142ug, zapraszamy do zapoznania si\u0119 z obowi\u0105zuj\u0105cym u nas Regulaminem \u015awiadczenia Us\u0142ug Pralniczych.<\/p>\n","protected":false},"author":1,"featured_media":0,"parent":0,"menu_order":0,"comment_status":"closed","ping_status":"closed","template":"","meta":[],"yoast_head":"<!-- This site is optimized with the Yoast SEO plugin v21.3 - https:\/\/yoast.com\/wordpress\/plugins\/seo\/ -->\n<title>Regulamin - Twoja pralnia<\/title>\n<meta name=\"robots\" content=\"index, follow, max-snippet:-1, max-image-preview:large, max-video-preview:-1\" \/>\n<link rel=\"canonical\" href=\"https:\/\/twoja-pralnia.pl\/index.php\/regulamin\/\" \/>\n<meta property=\"og:locale\" content=\"pl_PL\" \/>\n<meta property=\"og:type\" content=\"article\" \/>\n<meta property=\"og:title\" content=\"Regulamin - Twoja pralnia\" \/>\n<meta property=\"og:description\" content=\"Zanim zdecydujesz si\u0119 na skorzystanie z naszych us\u0142ug, zapraszamy do zapoznania si\u0119 z obowi\u0105zuj\u0105cym u nas Regulaminem \u015awiadczenia Us\u0142ug Pralniczych.\" \/>\n<meta property=\"og:url\" content=\"https:\/\/twoja-pralnia.pl\/index.php\/regulamin\/\" \/>\n<meta property=\"og:site_name\" content=\"Twoja pralnia\" \/>\n<meta property=\"article:modified_time\" content=\"2023-10-12T22:00:06+00:00\" \/>\n<meta name=\"twitter:card\" content=\"summary_large_image\" \/>\n<meta name=\"twitter:label1\" content=\"Szacowany czas czytania\" \/>\n\t<meta name=\"twitter:data1\" content=\"2 minuty\" \/>\n<script type=\"application\/ld+json\" class=\"yoast-schema-graph\">{\"@context\":\"https:\/\/schema.org\",\"@graph\":[{\"@type\":\"WebPage\",\"@id\":\"https:\/\/twoja-pralnia.pl\/index.php\/regulamin\/\",\"url\":\"https:\/\/twoja-pralnia.pl\/index.php\/regulamin\/\",\"name\":\"Regulamin - Twoja pralnia\",\"isPartOf\":{\"@id\":\"https:\/\/twoja-pralnia.pl\/#website\"},\"datePublished\":\"2023-10-10T10:03:34+00:00\",\"dateModified\":\"2023-10-12T22:00:06+00:00\",\"breadcrumb\":{\"@id\":\"https:\/\/twoja-pralnia.pl\/index.php\/regulamin\/#breadcrumb\"},\"inLanguage\":\"pl-PL\",\"potentialAction\":[{\"@type\":\"ReadAction\",\"target\":[\"https:\/\/twoja-pralnia.pl\/index.php\/regulamin\/\"]}]},{\"@type\":\"BreadcrumbList\",\"@id\":\"https:\/\/twoja-pralnia.pl\/index.php\/regulamin\/#breadcrumb\",\"itemListElement\":[{\"@type\":\"ListItem\",\"position\":1,\"name\":\"Home\",\"item\":\"https:\/\/twoja-pralnia.pl\/\"},{\"@type\":\"ListItem\",\"position\":2,\"name\":\"Regulamin\"}]},{\"@type\":\"WebSite\",\"@id\":\"https:\/\/twoja-pralnia.pl\/#website\",\"url\":\"https:\/\/twoja-pralnia.pl\/\",\"name\":\"Twoja pralnia\",\"description\":\"\",\"potentialAction\":[{\"@type\":\"SearchAction\",\"target\":{\"@type\":\"EntryPoint\",\"urlTemplate\":\"https:\/\/twoja-pralnia.pl\/?s={search_term_string}\"},\"query-input\":\"required name=search_term_string\"}],\"inLanguage\":\"pl-PL\"}]}<\/script>\n<!-- \/ Yoast SEO plugin. -->","yoast_head_json":{"title":"Regulamin - Twoja pralnia","robots":{"index":"index","follow":"follow","max-snippet":"max-snippet:-1","max-image-preview":"max-image-preview:large","max-video-preview":"max-video-preview:-1"},"canonical":"https:\/\/twoja-pralnia.pl\/index.php\/regulamin\/","og_locale":"pl_PL","og_type":"article","og_title":"Regulamin - Twoja pralnia","og_description":"Zanim zdecydujesz si\u0119 na skorzystanie z naszych us\u0142ug, zapraszamy do zapoznania si\u0119 z obowi\u0105zuj\u0105cym u nas Regulaminem \u015awiadczenia Us\u0142ug Pralniczych.","og_url":"https:\/\/twoja-pralnia.pl\/index.php\/regulamin\/","og_site_name":"Twoja pralnia","article_modified_time":"2023-10-12T22:00:06+00:00","twitter_card":"summary_large_image","twitter_misc":{"Szacowany czas czytania":"2 minuty"},"schema":{"@context":"https:\/\/schema.org","@graph":[{"@type":"WebPage","@id":"https:\/\/twoja-pralnia.pl\/index.php\/regulamin\/","url":"https:\/\/twoja-pralnia.pl\/index.php\/regulamin\/","name":"Regulamin - Twoja pralnia","isPartOf":{"@id":"https:\/\/twoja-pralnia.pl\/#website"},"datePublished":"2023-10-10T10:03:34+00:00","dateModified":"2023-10-12T22:00:06+00:00","breadcrumb":{"@id":"https:\/\/twoja-pralnia.pl\/index.php\/regulamin\/#breadcrumb"},"inLanguage":"pl-PL","potentialAction":[{"@type":"ReadAction","target":["https:\/\/twoja-pralnia.pl\/index.php\/regulamin\/"]}]},{"@type":"BreadcrumbList","@id":"https:\/\/twoja-pralnia.pl\/index.php\/regulamin\/#breadcrumb","itemListElement":[{"@type":"ListItem","position":1,"name":"Home","item":"https:\/\/twoja-pralnia.pl\/"},{"@type":"ListItem","position":2,"name":"Regulamin"}]},{"@type":"WebSite","@id":"https:\/\/twoja-pralnia.pl\/#website","url":"https:\/\/twoja-pralnia.pl\/","name":"Twoja pralnia","description":"","potentialAction":[{"@type":"SearchAction","target":{"@type":"EntryPoint","urlTemplate":"https:\/\/twoja-pralnia.pl\/?s={search_term_string}"},"query-input":"required name=search_term_string"}],"inLanguage":"pl-PL"}]}},"_links":{"self":[{"href":"https:\/\/twoja-pralnia.pl\/index.php\/wp-json\/wp\/v2\/pages\/2061"}],"collection":[{"href":"https:\/\/twoja-pralnia.pl\/index.php\/wp-json\/wp\/v2\/pages"}],"about":[{"href":"https:\/\/twoja-pralnia.pl\/index.php\/wp-json\/wp\/v2\/types\/page"}],"author":[{"embeddable":true,"href":"https:\/\/twoja-pralnia.pl\/index.php\/wp-json\/wp\/v2\/users\/1"}],"replies":[{"embeddable":true,"href":"https:\/\/twoja-pralnia.pl\/index.php\/wp-json\/wp\/v2\/comments?post=2061"}],"version-history":[{"count":9,"href":"https:\/\/twoja-pralnia.pl\/index.php\/wp-json\/wp\/v2\/pages\/2061\/revisions"}],"predecessor-version":[{"id":2204,"href":"https:\/\/twoja-pralnia.pl\/index.php\/wp-json\/wp\/v2\/pages\/2061\/revisions\/2204"}],"wp:attachment":[{"href":"https:\/\/twoja-pralnia.pl\/index.php\/wp-json\/wp\/v2\/media?parent=2061"}],"curies":[{"name":"wp","href":"https:\/\/api.w.org\/{rel}","templated":true}]}}